
True
Let v(j) be the third derivative of 101*j**5/60 - 11*j**4/24 + j**3/3 - 12*j**2. Let b be v(4). Let f = b - -579. Is f composite?
False
Suppose -12 = 2*g - 4. Let n be ((-3)/4)/(1/g). Suppose -n*b + 4*b - 119 = 0. Is b composite?
True
Let c be 26008/(-2) - 0/(-1). Let z = 18945 + c. Is z composite?
True
Let r(z) = -14 + 2 + 17*z - 7*z + 75*z**2 - 20*z. Is r(7) composite?
False
Suppose 6*q + i + 5 = q, 4*q - 10 = 2*i. Let s(n) = -4*n**2 + 3*n + 9. Is s(q) a composite number?
True
Let r(m) be the second derivative of m**5/20 - 3*m**4/4 - m**3/2 + 17*m**2/2 - 132*m. Suppose 4*p - 42 - 14 = 0. Is r(p) prime?
False
Let v(n) = n**3 + n**2 - n + 1370. Let d be v(0). Let w = d + -700. Let p = -227 + w. Is p prime?
True
Let y(z) = -z**3 - z**2 - 3. Let i be y(0). Let b(w) = -w**2 - w + 1. Let o(p) = 67*p**2 + 9*p + 1. Let x(c) = 4*b(c) + o(c). Is x(i) a prime number?
True
Let z = -21508 - -94271. Is z a composite number?
False
Let l(s) = -s**3 + 9*s**2 + 18*s - 48. Let b be l(8). Is (537/(-4))/((-40)/b) a prime number?
False
Suppose -2*t = -4*k - 284669 + 90395, -4*t = 5*k - 388574. Is t prime?
False
Let k(g) = -g**2 + 7*g - 3. Suppose -2*s = -3*f + 5*f - 22, 4*f - 9 = 3*s. Let x be k(f). Suppose -4709 = -x*o - 1220. Is o a composite number?
False
Let g be 5*(12/(-36))/(2/(-174)). Suppose 4*r - g = -r. Let d = 4 + r. Is d prime?
False
Suppose 2*g = d + 44998, 3*g - 3484 = 3*d + 64007. Is g a prime number?
True
Let r = -126 + 131. Suppose r*i = -14*t + 11*t + 105049, -3*i - t = -63031. Is i a prime number?
True
Let c(a) = a**2 - a - 4. Suppose 0 = 4*t + l + 24, 5*l = 3*t - 5. Let r be c(t). Let u = -19 + r. Is u composite?
False
Suppose 3*w - 164217 = -77*k + 74*k, 3*w - 5*k - 164201 = 0. Is w a prime number?
False
Let r(t) = -t**3 - 8*t - 23*t + 35 + 47*t - 16*t**2 - 15*t. Is r(-21) composite?
True
Is (29938 - 0/(-4))/(-1 - -3) a composite number?
False
Suppose -4*a - 13280 = -4*d, -d = -5*a - 0*d - 16600. Suppose -19*q + 21796 + 78338 - 2835 = 0. Let z = q + a. Is z composite?
False
Let t(r) = 12195*r - 58. Let n be t(2). Let j = -11649 + n. Is j prime?
False
Suppose 0 = -4*v - 7*v + 484. Let a be v/11 + -1 + -2. Is (a/(-2))/(9/(-10548)) composite?
True
Let x(j) = 108*j + 192 - 124 - 145. Is x(15) prime?
True
Let t be 2*-1 + 1 + 4. Suppose -3*f + 71 = -5*k, -k - 1 = -4*f + t. Let o(j) = -j**3 - 11*j**2 + 24*j + 11. Is o(k) a prime number?
True
Let i be (-4)/28 + (-14323)/(-7). Suppose j - i = 3*f, -4*f = 4*j - 9*f - 8191. Is j prime?
False
Let v be (-8)/(-2) + (107 - (2 + 0)). Let h = v + -106. Suppose -l - 4*f + 378 + 209 = 0, -1761 = -h*l - 4*f. Is l a prime number?
True
Let g = -205 + 197. Let s(p) = 5*p**2 - 11*p - 29. Is s(g) prime?
True
Let u(a) = -82*a**3 + a**2 + 22 + 22 - 35. Let s be u(-4). Suppose -5*h - 1008 = -s. Is h composite?
False
Suppose 33*r - 1729792 = 2976701. Is r composite?
True
Let o(c) = 9*c**2 - 4*c - 2. Let q = 17 - 18. Let f be (-4)/(3 - q) + -6 - 0. Is o(f) composite?
False
Is 3 - 10 - (570374/(-2) + -13) composite?
True
Let x(o) = 4*o**2 + 27*o - 52. Let k be x(2). Is (78/k + -5)/(2/(-40191)) a prime number?
True
Let q be (-14)/35 + 27/(-5)*-1. Suppose 42375 = i - 2*l, -q*l - 46024 = -5*i + 165846. Is i a composite number?
False
Let r(c) = -c**2 + 5*c - 4. Let a be r(4). Suppose a = 2*p + 15 - 3. Is (-21474)/(-12)*(-4)/p composite?
False
Let d be (35128/32)/(2 - 46/24). Suppose -d = -8*i + 6851. Is i composite?
False
Suppose -767394 - 1991856 - 1983665 = -85*c. Is c a prime number?
True
Is (-3389)/(-6)*(-123 - -129) a composite number?
False
Let f be 10/(-45) + ((-385)/(-63))/5. Is 13536 - ((-32)/(-4) - f) prime?
False
Let b(j) = 246*j**2 - 20*j - 24. Let z be b(6). Let a = 2291 + z. Is a a composite number?
False
Let j = 419320 + -228225. Is j prime?
False
Let h(a) = 3*a**2 + 11*a + 67. Suppose 4*j - 175 = -127. Is h(j) prime?
True
Suppose -122*s + 30639949 = -8532177. Is s a composite number?
True
Let s = -841 - -837. Let u(l) = -284*l + 218. Is u(s) prime?
False
Let m be 12/((-7)/((-147)/9)). Is (66246/4)/(14/m) - 4 prime?
True
Let w = -5269 + 8091. Suppose x = w + 3295. Is x composite?
True
Let v = 1119390 + -790577. Is v a prime number?
True
Let d be (116/6)/((-1 - 1)/6). Let a = d + 212. Let w = 617 - a. Is w a composite number?
False
Suppose -25*r = -32*r + 42. Suppose -r*i - 715 = -3709. Is i a composite number?
False
Let v(c) = 839*c**3 - 15*c**2 + 57*c - 204. Is v(5) prime?
False
Let y(p) = p**2 - 12*p - 53. Let j be y(15). Let q be (-2)/(j/29) + 7/(-28). Suppose -9580 = -11*s + q*s. Is s a prime number?
False
Suppose 6*h - 38 = 112. Suppose 5*u - 5*m + m - 25 = 0, -h = -5*u - 3*m. Suppose -3423 = 2*q - u*q. Is q a prime number?
False
Let h(j) = -2*j**2 + 13*j + 9. Let p be h(7). Suppose -p*c + 3*a = -5506, 10*a - 15*a + 2779 = c. Is c a prime number?
False
Suppose 0 = 5*r - 20, -4*o - 3*r - 23 = 65. Let v be (-4)/(-10) + 10485/o. Let x = v - -1780. Is x a composite number?
False
Let o = -172 - -155. Is 3 + -2*106*o prime?
True
Let d(u) = -31*u**3 - 2*u**2 + 6*u + 2. Let q = -46 + 65. Let n = q + -22. Is d(n) a composite number?
True
Let l = -102 + 109. Let w = -2 + l. Suppose 0 = 6*r - w*r - 1257. Is r composite?
True
Let f(y) = -395*y**3 + 2*y**2 + 37*y - 23. Is f(-8) a prime number?
True
Suppose -81522 = -3*x - s, 5*x = 9*s + 3*s + 135829. Is x composite?
True
Let f(w) = 2*w**2 - 5*w - 2. Suppose -t + 50 = 46. Let n be f(t). Suppose -18*d + n*d = -26872. Is d composite?
False
Suppose -c - 1234215 = -2*a - 491685, 0 = -4*a - c + 1485072. Is a composite?
True
Let q = 356580 + 156079. Is q a prime number?
False
Suppose 26*l - 16*l - 579770 = -0*l. Is l a prime number?
True
Suppose -526465 = 4*a - 38*a + 523557. Is a a composite number?
True
Let o(b) = b**3 + 24*b**2 - 9*b - 7. Suppose -20 = -5*i, i - 22 = 5*s - 4*s. Is o(s) a prime number?
True
Suppose -3*b - 232 = -5*x, 0 = -3*x + 2*b + 41 + 99. Let m = x - 46. Is m*(-4 + 609/(-6)) composite?
False
Let v(o) = 248*o**2 + 8*o - 15. Suppose 54 = -3*h + 60. Let j be v(h). Suppose -10 = -2*g, j = -3*u - 4*g + 2702. Is u prime?
True
Suppose -4*a + 4*l = -759556, -2*a = -3*l + 4*l - 379772. Is a prime?
True
Let q(k) = 1397*k**3 - 6*k**2 - 16*k + 11. Is q(4) prime?
False
Let p be -1*2*(-267)/6 + 0. Suppose -2*v + 285 = p. Let i = v - 31. Is i composite?
False
Let y(u) be the third derivative of u**6/60 + 41*u**5/60 + 19*u**4/24 - 9*u**3/2 - 5*u**2 - u. Is y(-16) a composite number?
False
Suppose -115*j - 132322 = -117*j. Is j prime?
True
Let n(l) be the second derivative of l**6/180 + l**5/24 + 5*l**4/12 - l**3/6 + 2*l. Let t(k) be the second derivative of n(k). Is t(11) a composite number?
False
Let g(c) = -c**2 - 4*c - 3. Suppose 3*d + 21 = 3*w, -26 = -3*d + 5*d - 5*w. Let m be g(d). Is 4 - m - 1083*-1 composite?
False
Let v be (-9 + 3)/(-1 + 3) + 20127. Suppose 11887 = 17*d - v. Is d a prime number?
False
Let l be ((-3)/(-9))/(-5 - 91/(-18)). Is 6079 + -8 - (l + -2) a composite number?
False
Let k(c) be the third derivative of -5*c**5/24 + 19*c**4/8 - 7*c**3/6 - 4*c**2. Let x(q) be the first derivative of k(q). Is x(-10) prime?
True
Let k = 171214 - -38383. Is k a composite number?
False
Let z be (-2 + -1)/((-12)/20). Suppose 4*l - z = -k, 2*l = 4*k + 3*l + 10. Is (1 + 0)/(-1) - 96/k a composite number?
False
Let j = -246 + 248. Is j/(6/(-3)) + 986 composite?
True
Let z(u) = 2*u**3 - 194*u**2 - 79*u + 88. Is z(105) a prime number?
True
Let g(z) be the third derivative of -8*z**5/15 + 5*z**4/24 + 29*z**3/6 + 16*z**2. Let l be g(-13). Is l/6*(-3)/2 a prime number?
True
Is 1/(-4)*2168872/(-10) + (-532)/665 a prime number?
False
Let p(z) = 8*z**3 - 42*z**2 - 82*z - 459. Is p(39) composite?
True
Suppose -2*i - 7150 = o, 3*i + 10725 = -2*o - 2*o. Let d = -1002 - i. Is d a composite number?
True
Let v = -60573 - -712820. Is v a prime number?
False
Is (-217167 - -1)*(-1)/7*504/144 prime?
False
Suppose n + 2*g = 1256459, -27*g + 32*g - 2512911 = -2*n. Is n a prime number?
False
Suppose 487544 = 4*i - 3*y, -y + 550 = 554. Is i composite?
False
Let d = -5088 - -8769. Let h = 7276 - d. Suppose 2*k - h = -q + 2*q, 0 = 4*k + 2*q - 7186. Is k a composite number?
True
Let v = -15 - -14. Let q be v - 2/6*9. Is (q + 1)*701/(-3) a prime number?
True
Is (-18)/(-42) - 52/(-91